15 - -4)*(-15)/(-2). Calculate the highest common factor of 1 and g.
1
Let v be (3 - -4 - 0) + 1. Suppose 3*g + 1 = -v. Let u(s) = -2*s - 4. Let l be u(g). What is the greatest common factor of l and 2?
2
Let r(o) = o**2 + 13*o + 21. Let u(z) = -3*z - 5. Let f(n) = 2*r(n) + 9*u(n). Let a be f(-3). What is the greatest common divisor of a and 90?
18
Suppose 0 = 2*i + 5*y - 10*y + 50, 0 = -3*i + 4*y - 82. Let o be (-505)/i - 2/(-12). Let z = 154 - 35. What is the highest common factor of z and o?
17
Suppose -5*q + 5 = 5*x, 4*x + 37 = 2*q + 11. Calculate the greatest common divisor of q and 25.
5
Suppose -6*l + 128 = 14. Calculate the highest common divisor of l and 209.
19
Let c(r) = -12*r - 14. Let p = 0 - 7. Let z be c(p). What is the highest common factor of 14 and z?
14
Let v be 130/18 - 4/18. Suppose -2*d + 35 = -v*d. Let c(g) = g + 11. Let h be c(d). Calculate the highest common factor of 28 and h.
4
Let n = -125 - -127. What is the highest common factor of 22 and n?
2
Let g(w) = -3*w**2 - 3. Let k(x) = -x. Let f(o) = -g(o) + 2*k(o). Let j be f(2). Calculate the greatest common divisor of 22 and j.
11
Let u be 3 - (10/(-6))/(90/(-108)). What is the highest common divisor of 11 and u?
1
Let a(x) = -x + 1. Let g be a(-2). Suppose k - g = -2*j, 5*j - 17 = -5*k - 2. Calculate the highest common divisor of 12 and k.
3
Let w(y) = 3*y - 2. Let m be w(2). Suppose -m*x + 22 = -30. Let f = -9 + 22. What is the greatest common divisor of x and f?
13
Let x(g) = -g**2 - 9*g + 4. Let u be x(-9). Let i(s) = -s**3 + 4*s**2 + 2*s - 4. Let f be i(u). Calculate the greatest common divisor of f and 44.
4
Let v = -8 + 10. Let f be ((-2)/v)/((-2)/14). What is the greatest common divisor of 35 and f?
7
Let v(l) = 37*l + 21. Let h be v(3). Calculate the greatest common divisor of 12 and h.
12
Suppose 0 = m + 4*y + 12, 4*y - 3*y = -3*m + 8. Suppose 5 + 15 = 5*c. Calculate the greatest common factor of m and c.
4
Suppose -6 + 15 = 3*h. Let p = 5 - h. Suppose z - 52 = p. Calculate the highest common divisor of 18 and z.
18
Let b be 1 + 1 - (-2 + 2). Let r be (b - 0/(-1)) + 2. Let t(c) = -c**2 - c + 16. Let o be t(0). Calculate the greatest common factor of r and o.
4
Suppose 0 = 5*o - 4*m - 462, -5*o + 348 = -o + 4*m. Let a be (-11 - -1)*(-6)/6. Calculate the greatest common factor of o and a.
10
Let b = 9 + 21. What is the highest common divisor of 12 and b?
6
Let q(d) = -2*d**3 - 3*d - 3. Let a be q(-1). What is the greatest common divisor of 66 and a?
2
Suppose 3*q - 2 = q, 0 = -5*x + 4*q + 71. Suppose a - 30 = -2*a. Calculate the highest common factor of x and a.
5
Let z(n) = -3*n - n + 3*n. Let t be z(-3). Let q(u) = u**2 - 6*u + 6. Let b be q(5). Calculate the highest common factor of b and t.
1
Suppose 0 = -6*s + 3*s. Let i be (-13)/(0 - -1 - s). Let q = i - -26. What is the greatest common factor of q and 143?
13
Let u = 160 + -64. What is the highest common divisor of 24 and u?
24
Suppose -21 = -5*g - 4*u, -4 = 4*g - 3*u + u. Let a be 1305/6 - g/(-2). Suppose 0 = 5*s - a + 18. Calculate the highest common factor of s and 5.
5
Suppose 4*c + 33 = -79. Let b = c + 68. Let f = 7 + 3. What is the highest common factor of f and b?
10
Let g(w) = -w**3 + 4*w**2 + 15*w - 7. Let x be g(6). Suppose 3*r = 98 - 32. What is the greatest common factor of r and x?
11
Let u(s) = s**3 + 8*s**2 - 11*s + 12. Let m be u(-9). Calculate the greatest common factor of m and 10.
10
Suppose -5*r = -4*o + 38 + 5, -26 = -2*o + 4*r. Suppose -4*g - o + 39 = 0. Let a be (0 - (2 - 3)) + 7. Calculate the highest common divisor of g and a.
8
Let b(r) = r**3 - 14*r**2 + 16*r - 29. Let o be b(13). What is the greatest common factor of 40 and o?
10
Let m be 2 - (-18)/(-10) - (-118)/10. Let y be (-1)/2*(-614)/1. Let z = y + -199. What is the highest common factor of m and z?
12
Let i be 0/(2 - 1) - -3. Let x = 3 - 2. What is the greatest common divisor of x and i?
1
Let w = 12 - -4. Let s be (-3)/2*(-812)/3. Let t = 582 - s. What is the greatest common divisor of w and t?
16
Let z(s) = -s**3 + s**2 - 11*s + 12. Let d be z(-6). What is the highest common factor of 30 and d?
30
Let y(r) = 5*r + 4. Let k be y(-4). Let j = k - -44. Calculate the highest common divisor of j and 7.
7
Let i = -131 + 133. Let x be 1/3 + (-94)/(-6). What is the highest common divisor of x and i?
2
Suppose 0 = 5*o - 4*i + 8, 3*i = 2*o + o + 6. Suppose -143 - 7 = -5*t + 5*b, 4*t + 5*b - 138 = o. What is the greatest common divisor of 352 and t?
32
Suppose 5*l - 405 = -5*j, 0 = 4*j - l - 120 - 204. Calculate the highest common factor of 9 and j.
9
Suppose 5*l = 5*s + 15, 2*l - 3*l + 3*s + 3 = 0. Calculate the highest common factor of 33 and l.
3
Let t(s) = 5*s + 30. Let k be t(-3). Calculate the highest common factor of k and 135.
15
Suppose 5*i + 215 = 2*b, 0 = -b - 2*b + i + 303. Let t = 43 + -23. Calculate the greatest common divisor of b and t.
20
Suppose 0 = -2*t + j + 201, -4*t - 5*j + 396 = -j. Calculate the greatest common factor of t and 20.
20
Let x be (-1)/5 + (-781)/(-55). Suppose -1 - 1 = -w. Suppose -2*p + w = -p. Calculate the greatest common factor of x and p.
2
Suppose 28 = m + m. Suppose -x + m = z, -x + 2*z = -4*x + 44. Calculate the greatest common divisor of 24 and x.
8
Let h(r) = 5*r - 66. Let y be h(21). Calculate the highest common divisor of y and 117.
39
Let c(l) = l**2 + 4*l - 12. Let h(k) = -k**3 - 3*k**2 + 2*k - 4. Let j be h(-3). Let p be c(j). What is the highest common factor of 32 and p?
16
Suppose 4*v - 4*x = 48, x - 32 = -4*v + 6. Suppose 110 = -7*y + 8*y. Calculate the greatest common divisor of v and y.
10
Suppose 3*k - 10 = -2*k. Let q = k - -3. Let n(y) = 2*y**2 + 3*y - 4. Let b be n(-3). Calculate the greatest common divisor of b and q.
5
Suppose 4*p - 31 - 21 = 0. What is the greatest common factor of 91 and p?
13
Suppose -c + 24 = 2*w + 3*w, 0 = -5*c - 4*w + 141. Calculate the greatest common divisor of c and 58.
29
Let u = 40 - 24. Suppose -5*k - 5 = 0, -5*k + 43 = 4*w - 3*w. What is the highest common divisor of u and w?
16
Suppose -3*q - 3*o + 8 = 2*o, 0 = -q - 2*o + 2. What is the greatest common divisor of q and 15?
3
Let w = 16 + -8. Let o = w + -6. Suppose 5*g + 2*i - 65 = -o*i, g - 5*i - 13 = 0. Calculate the highest common factor of g and 65.
13
Suppose u - 5*u + 24 = 0. Suppose -2*a = -o - 9, -18 = -5*a + o + u. What is the highest common divisor of a and 55?
5
Let w(v) = 53*v**2 - 2*v - 1. Let l be w(-1). Let g be 0 + 1078/8 + (-1)/(-4). Calculate the highest common factor of g and l.
27
Let t be ((-244)/6)/(4/(-6)). Suppose 59 = -0*r + 3*r + 5*x, 0 = -5*r + x + t. Suppose w = 5*w - 364. Calculate the greatest common factor of r and w.
13
Suppose 14 = 4*b - 2*r, 0 = 2*b + 5*r + 11. Let w(q) = q**3 + 9*q + 0*q**3 - b + 13 + 10*q**2. Let s be w(-9). What is the highest common divisor of s and 55?
11
Let j be (-1 - 63)/(12/(-6)). What is the highest common factor of j and 24?
8
Let c be 5/(-25) + (-112)/(-10). Calculate the greatest common divisor of 1 and c.
1
Suppose 5*d - 205 = 2*a - 5*a, a + 93 = 2*d. What is the greatest common divisor of 66 and d?
22
Let j(z) = -12*z**3 - z**2 + 3. Let t be j(-2). What is the greatest common divisor of t and 38?
19
Let m = -5 - -12. Let p(f) = -f**3 + 7*f**2 + 2*f + 1. Let q be p(m). What is the greatest common factor of q and 3?
3
Suppose -3*g + 79 = h, 0 = -5*h + h - g + 338. Calculate the greatest common factor of h and 17.
17
Let x = -10 - -22. Let s be (-2)/(-6) + (-3352)/(-24). Let f = s - 80. What is the highest common factor of f and x?
12
Let l = 19 + 7. Suppose 5*v - 195 = -0*v. Calculate the greatest common factor of l and v.
13
Let z = -6 - -3. Let x be 5/z - (-4)/6. Let u = x + 5. Calculate the greatest common factor of 2 and u.
2
Let d = 4 - -6. Let b(x) = -4*x**3 + 3*x - 10*x - 6 + 3*x**3 - 6*x**2. Let q be b(-5). Calculate the greatest common factor of d and q.
2
Let q = -5 + 70. Let h be (-1 - -2) + (-75)/(-3). Calculate the greatest common divisor of h and q.
13
Let l = -734 + 444. Let v be 6/(-39) + l/(-26). What is the highest common divisor of v and 110?
11
Let f be (-15)/(-10)*(-8)/(-3). Let s = 1 + f. Calculate the highest common factor of s and 20.
5
Let p = -1 - 2. Let l be 18*p/(-9)*1. Calculate the highe